factor of 74?
True
Does 75 divide 4840?
False
Is 2412 a multiple of 67?
True
Is 920 a multiple of 20?
True
Is 11 a factor of 8382?
True
Does 84 divide 3615?
False
Is 19 a factor of 43852?
True
Does 8 divide 1464?
True
Is 145 a multiple of 5?
True
Does 10 divide 103?
False
Is 4603 a multiple of 7?
False
Does 148 divide 30932?
True
Is 912 a multiple of 8?
True
Is 42 a factor of 572?
False
Is 28 a factor of 17025?
False
Does 12 divide 12120?
True
Is 654 a multiple of 29?
False
Does 20 divide 675?
False
Is 120929 a multiple of 17?
False
Is 11 a factor of 1254?
True
Does 2 divide 1835?
False
Is 32 a factor of 2795?
False
Does 77 divide 12474?
True
Is 78914 a multiple of 251?
False
Is 6770 a multiple of 10?
True
Does 27 divide 405?
True
Is 30 a factor of 920?
False
Is 51 a factor of 1428?
True
Does 10 divide 3550?
True
Is 69 a factor of 108606?
True
Does 4 divide 16584?
True
Is 96 a factor of 3426?
False
Is 3 a factor of 23?
False
Is 658 a multiple of 39?
False
Is 306 a multiple of 43?
False
Is 30 a factor of 540?
True
Is 73 a factor of 292?
True
Is 2068 a multiple of 188?
True
Does 7 divide 93?
False
Is 2927 a multiple of 4?
False
Is 47766 a multiple of 175?
False
Is 86094 a multiple of 86?
False
Does 10 divide 1216?
False
Is 121 a multiple of 4?
False
Does 3 divide 174?
True
Is 276 a factor of 96139?
False
Is 8081 a multiple of 24?
False
Is 18 a factor of 15030?
True
Is 1648 a multiple of 41?
False
Does 47 divide 34718?
False
Is 16 a factor of 768?
True
Is 89 a factor of 34977?
True
Does 68 divide 5353?
False
Is 16 a factor of 2044?
False
Is 4188 a multiple of 63?
False
Is 877 a multiple of 15?
False
Does 111 divide 13653?
True
Is 1456 a multiple of 8?
True
Is 18 a factor of 844?
False
Is 5316 a multiple of 96?
False
Does 3 divide 272?
False
Is 21 a factor of 3612?
True
Is 8 a factor of 2153?
False
Is 86 a factor of 19436?
True
Is 32 a factor of 1024?
True
Is 14962 a multiple of 40?
False
Does 8 divide 32?
True
Does 15 divide 10179?
False
Is 11844 a multiple of 21?
True
Is 11960 a multiple of 7?
False
Is 314 a multiple of 5?
False
Does 21 divide 55?
False
Is 17 a factor of 60180?
True
Is 237 a multiple of 79?
True
Is 379 a factor of 39416?
True
Does 26 divide 818?
False
Is 6 a factor of 4796?
False
Does 15 divide 105?
True
Is 235 a multiple of 47?
True
Is 4 a factor of 617?
False
Is 6 a factor of 1422?
True
Does 12 divide 7848?
True
Is 936 a multiple of 25?
False
Does 41 divide 220?
False
Is 10 a factor of 17981?
False
Does 131 divide 60277?
False
Is 14 a factor of 3892?
True
Is 34 a factor of 407?
False
Is 3300 a multiple of 15?
True
Is 47 a factor of 2081?
False
Is 50901 a multiple of 141?
True
Is 2170 a multiple of 31?
True
Is 12851 a multiple of 9?
False
Is 2805 a multiple of 55?
True
Does 54 divide 1875?
False
Does 24 divide 13584?
True
Is 15172 a multiple of 4?
True
Is 5 a factor of 29180?
True
Is 1929 a multiple of 27?
False
Is 14 a factor of 1148?
True
Is 5 a factor of 230?
True
Is 2076 a multiple of 12?
True
Does 86 divide 10185?
False
Is 8 a factor of 7492?
False
Is 48 a factor of 1873?
False
Does 6 divide 78?
True
Does 23 divide 612?
False
Is 8046 a multiple of 9?
True
Does 18 divide 78?
False
Does 9 divide 225?
True
Is 32 a factor of 352?
True
Is 8 a factor of 5095?
False
Is 115 a factor of 575?
True
Is 2 a factor of 62?
True
Is 11 a factor of 442?
False
Does 12 divide 983?
False
Is 18 a factor of 6157?
False
Does 52 divide 676?
True
Is 2674 a multiple of 13?
False
Is 87 a factor of 17052?
True
Does 11 divide 22?
True
Is 55 a factor of 5775?
True
Does 7 divide 147?
True
Does 18 divide 684?
True
Does 42 divide 779?
False
Is 1909 a multiple of 57?
False
Does 25 divide 3509?
False
Does 4 divide 324?
True
Is 36 a factor of 49896?
True
Is 302 a factor of 98358?
False
Is 21510 a multiple of 55?
False
Is 2 a factor of 1052?
True
Does 34 divide 338?
False
Is 9257 a multiple of 22?
False
Does 5 divide 27950?
True
Is 27120 a multiple of 20?
True
Is 7 a factor of 388?
False
Is 35581 a multiple of 161?
True
Does 146 divide 2044?
True
Does 27 divide 1916?
False
Does 10 divide 7972?
False
Is 4650 a multiple of 50?
True
Is 54 a factor of 378?
True
Is 27 a factor of 5567?
False
Is 3 a factor of 455?
False
Is 11762 a multiple of 31?
False
Is 78 a factor of 19578?
True
Is 29557 a multiple of 21?
False
Is 13479 a multiple of 35?
False
Is 18 a factor of 864?
True
Is 5445 a multiple of 25?
False
Does 64 divide 312?
False
Is 1525 a multiple of 20?
False
Does 31 divide 10323?
True
Is 11809 a multiple of 103?
False
Is 3720 a multiple of 62?
True
Does 13 divide 13364?
True
Is 5568 a multiple of 12?
True
Is 52 a factor of 1612?
True
Is 39347 a multiple of 49?
True
Is 3 a factor of 17313?
True
Does 21 divide 5229?
True
Does 15 divide 83859?
False
Is 65 a factor of 10140?
True
Is 10749 a multiple of 38?
False
Is 43 a factor of 2666?
True
Does 15 divide 12015?
True
Is 9 a factor of 22113?
True
Is 28763 a multiple of 49?
True
Is 10 a factor of 5592?
False
Does 12 divide 1525?
False
Does 58 divide 33753?
False
Is 16 a factor of 691?
False
Does 103 divide 1489?
False
Is 327 a multiple of 10?
False
Does 35 divide 77895?
False
Is 1296 a multiple of 9?
True
Is 6 a factor of 588?
True
Does 9 divide 6727?
False
Is 1064 a multiple of 14?
True
Does 24 divide 18312?
True
Does 13 divide 1318?
False
Is 32 a factor of 11785?
False
Is 141 a factor of 46810?
False
Is 100 a factor of 2220?
False
Is 17 a factor of 1938?
True
Is 10886 a multiple of 8?
False
Does 20 divide 339?
False
Is 5884 a multiple of 20?
False
Is 22049 a multiple of 27?
False
Is 30 a factor of 780?
True
Does 67 divide 37788?
True
Is 760 a multiple of 39?
False
Is 897 a multiple of 36?
False
Is 10 a factor of 1750?
True
Is 22256 a multiple of 16?
True
Is 55276 a multiple of 9?
False
Is 104 a factor of 13210?
False
Is 18777 a multiple of 33?
True
Is 2601 a multiple of 3?
True
Is 1299 a multiple of 15?
False
Is 118 a factor of 2478?
True
Is 12 a factor of 552?
True
Is 30067 a multiple of 281?
True
Does 113 divide 49533?
False
Does 296 divide 86728?
True
Is 3215 a multiple of 11?
False
Is 128 a factor of 2624?
False
Is 43 a factor of 36418?
False
Is 10 a factor of 6496?
False
Is 4 a factor of 748?
True
Does 2 divide 232?
True
Is 55860 a multiple of 294?
True
Does 42 divide 544?
False
Is 59 a factor of 4800?
False
Is 58 a factor of 9628?
True
Does 26 divide 1222?
True
Does 66 divide 235?
False
Does 10 divide 9246?
False
Is 58 a factor of 16298?
True
Does 58 divide 8326?
False
Does 125 divide 70750?
True
Is 14 a factor of 378?
True
Is 7030 a multiple of 10?
True
Is 3809 a multiple of 13?
True
Is 12 a factor of 708?
True
Is 8 a factor of 992?
True
Is 1416 a multiple of 59?
True
Is 181 a multiple of 15?
False
Does 10 divide 309?
False
Is 2 a factor of 14?
True
Is 614 a multiple of 12?
False
Does 31 divide 6622?
False
Is 2964 a multiple of 12?
True
Does 54 divide 20967?
False
Is 31 a factor of 820?
False
Is 18 a factor of 56322?
True
Is 48 a factor of 438?
False
Is 10735 a multiple of 113?
True
Does 27 divide 2133?
True
Does 20 divide 19760?
True
Is 90 a factor of 3510?
True
Is 14 a factor of 22341?
False
Is 4034 a multiple of 2?
True
Does 50 divide 356?
False
Does 50 divide 773?
False
Is 802 a multiple of 41?
False
Is 19650 a multiple of 15?
True
Does 26 divide 582?
False
Is 41 a factor of 979?
False
Is 415 a multiple of 14?
False
Is 54 a factor of 1693?
False
Is 943 a multiple of 6?
False
Does 14 divide 224?
True
Does 5 divide 1760?
True
Does 8 divide 3472?
True
Is 665 a multiple of 5?
True
Does 14 divide 980?
True
Does 37 divide 3380?
False
Does 112 divide 2465?
False
Is 8 a factor of 1997?
False
Is 5 a factor of 15215?
True
Is 32 a factor of 640?
True
Does 16 divide 607?
False
Is 51 a factor of 5451?
False
Is 1448 a multiple of 58?
False
Is 17 a factor of 3118?
False
Does 15 divide 480?
True
Is 32556 a multiple of 16?
False
Is 3 a factor of 449?
False
Is 140002 a multiple of 228?
False
Is 10 a factor of 1020?
True
Is 416 a multiple of 16?
True
Does 9 divide 684?
True
Is 74 a factor of 45732?
True
Is 64 a factor of 51456?
True
Is 234 a multiple of 26?
True
Is 258 a factor of 34941?
False
Is 2024 a multiple of 22?
True
Is 18 a factor of 125?
False
Is 31 a factor of 1781?
False
Is 960 a multiple of 24?
True
Does 18